mposite number?
False
Suppose x + 6*f - 245 = 3*f, 0 = -x + 3*f + 269. Is x prime?
True
Let y be ((-18)/(-7))/((-6)/(-168)). Suppose -b + 4*b - y = 0. Is 2896/b - (-1)/3 composite?
True
Let s be ((-2)/6*0)/2. Suppose 2*v + 4*w = 2, s = 5*v - 5*w - 6 - 14. Is v prime?
True
Suppose 3*g + 350 = g. Let z = -26 - g. Is z prime?
True
Suppose 2*g - 1230 - 344 = 0. Is g prime?
True
Is ((-24583)/(-5) - 2) + 18/45 composite?
True
Let j = -24 + 36. Let z be (-2)/8 - (-639)/j. Let s = -28 + z. Is s composite?
True
Suppose 491 = 5*s - 2114. Is s composite?
False
Let a(s) = -406*s**3 - s. Is a(-1) a composite number?
True
Let f(c) = 7*c**3 - 6*c**2 - 3*c + 5. Let d be f(5). Suppose -3*y + d = -0*j - 4*j, -j = 4. Is y composite?
False
Suppose 0 = -9*i + 21 + 168. Is i prime?
False
Let t(x) = -x**3 - 4*x**2 - 3*x. Let j be t(-3). Let l(v) = v**2 + v. Let i(h) = 2*h**2 + h + 37. Let b(r) = i(r) - l(r). Is b(j) composite?
False
Let i(n) = -2*n - 7. Let r be i(-6). Let p be ((-1)/(-1))/(1/r). Suppose -h - 56 = -4*t - 5*h, 3*t - p*h = 82. Is t a prime number?
True
Suppose 0 = -5*k + 4*y + 6689, 5*y + 4016 = k + 2*k. Is k prime?
False
Let b = 61 + -8. Is b prime?
True
Let l = 9 - 2. Let z = l - -58. Is z a prime number?
False
Let m(f) = 3*f - 1 - 3 - 6*f + 2*f. Let t be m(-6). Suppose -2*v - 5*x + 67 = 2*v, -t*v - 5*x = -41. Is v a prime number?
True
Suppose 2*y = 3*u - 2, -3*u + 5 = -7*y + 2*y. Suppose m + u*m = -4*b + 25, 2*m + 3*b = 30. Is ((-22)/8)/(m/(-36)) prime?
True
Suppose -12328 = -3*a - v, -2*a + 16434 = 2*a - 2*v. Is a composite?
True
Suppose -4*d = -d - 9. Suppose 5*p - d*p = 54. Suppose a - p = -8. Is a a composite number?
False
Let f be -18 + 2 - (2 + -1). Let n = f - -24. Is n prime?
True
Let i(o) = -88*o**3 + o**2 + o + 1. Let p = 20 + -21. Is i(p) a composite number?
False
Let r = 19 + -15. Suppose -r*h + 236 = 5*m - 331, -3*h = 6. Is m a composite number?
True
Let k(s) = 39*s**2 - 8*s + 19. Is k(-8) a prime number?
True
Let g = -3 - 4. Let u = -2 - g. Suppose -2*i + 26 = -4*q + u*q, -5*q - 38 = -2*i. Is i a prime number?
False
Suppose 4*f - 3*b + 30 = -4*b, 2*f = 4*b - 24. Let x be 3/(-6)*f/2. Suppose 0 = -x*c - j + 162, -3*c - j + 61 = -184. Is c a composite number?
False
Let n(z) = 91*z**2 + 9*z - 15. Is n(-8) composite?
False
Let l = -261 + 560. Is l composite?
True
Let a(p) = 13*p**3 - p**2 - 9*p + 2. Is a(3) a composite number?
False
Let h(d) = 5*d**2 + 35*d - 7. Is h(-24) a composite number?
True
Suppose -x = -3*x + 3*l + 319, -4*x + 645 = l. Is x prime?
False
Let x(g) = g**2 - 2*g + 1 - 2 + 2*g + g. Suppose 0 = -4*b + b + 9. Is x(b) prime?
True
Suppose d = -4*d - 3*i + 40, 5*d - 2*i - 40 = 0. Let r = 12 - d. Is (-6)/12 - (-886)/r a prime number?
False
Is (3/8*4)/(12/28744) composite?
False
Suppose -5*x + 452 = -4773. Suppose -7*i + 2*i + x = 0. Is i a prime number?
False
Suppose -1 = -4*b + a + 16, 23 = b - 4*a. Suppose -5*f - r + 13 = 0, -3*f + 5 = -5*f + b*r. Suppose 3*i = -5*g + 575, -i = f*i. Is g a prime number?
False
Let d = -8 - -8. Suppose -2*b + d*m - 4 = -2*m, 5*b + 5 = 4*m. Is (4/2 - -74) + b a composite number?
False
Let j(d) = -2*d + 3. Let z(m) = -m + 2. Let w(n) = -3*j(n) + 4*z(n). Let h be w(2). Suppose -2*r - 1 + h = 0, 321 = 4*k + 5*r. Is k composite?
False
Let z be 4/(-6) - (-23)/3. Let s(o) = -5*o**2 - o + 19. Let i(a) = 2*a**2 - 6. Let f(l) = 8*i(l) + 3*s(l). Is f(z) a prime number?
True
Let p = -2 - -5. Suppose -j = -1, -p*j - 2*j - 417 = -2*v. Is v a prime number?
True
Let t(p) be the third derivative of p**6/120 + p**5/12 + p**4/24 + p**3/2 - 5*p**2. Is t(-4) a composite number?
True
Suppose 4*r + 0*r + 236 = 0. Let g = -38 - r. Is g prime?
False
Is (49/(-2) - 2)*(-5 + 3) composite?
False
Let p be 5/1 - (-2 + 4). Suppose 3*m = -p*k + 5*k + 1027, 25 = -5*k. Suppose 0 = r + 2*r - m. Is r a composite number?
False
Let i(c) = c**2 + 4*c - 5. Let p be i(-5). Suppose 4*a - 1 = 2*g + 57, p = 2*a + 3*g - 33. Is a a composite number?
True
Suppose 0 = 5*n + 2*z - 1865, -3*z + 356 = n - 6*z. Suppose 1879 = 4*l + l + i, l - n = i. Let w = l + -152. Is w a composite number?
False
Let n(h) be the first derivative of h**4/4 - h**3 - 3*h**2 + 6*h - 1. Let y be n(4). Is 2/y + 4 + 1 a prime number?
False
Suppose 0 = 2*c - 4*c - 2*m - 10, 0 = 5*c - 2*m - 3. Let p be 1566/8 - c/4. Let q = 293 - p. Is q a prime number?
True
Is (25*(0 + 1))/1 prime?
False
Suppose -2*r - r + 5*f - 439 = 0, 3*r = -4*f - 421. Let h = 270 + r. Is h a composite number?
False
Let u(o) = -o - 3. Let t be u(-8). Suppose -k - 47 - 120 = -r, 829 = t*r + k. Suppose 4*g = -18 + r. Is g prime?
True
Let k = -45 - -47. Suppose -d = 5*j - 2*j - 8, 2*d - 7 = -3*j. Suppose -2*x - k*x - j*n = -70, x = 3*n + 25. Is x a composite number?
False
Let v(l) = -2*l + 8. Let x be v(6). Is (22/x)/(4/(-24)) composite?
True
Is (0 + -286)*(-12)/24 a composite number?
True
Let g(j) = -j**3 - 16*j**2 + 10*j - 19. Is g(-18) a composite number?
False
Let p = -5 - -5. Suppose a - 2*a = -5*h + 1509, p = -2*h - 5*a + 582. Is h a composite number?
True
Suppose -l + 2816 = 2*w, 0 = -5*w - 3*l + 5*l + 7049. Is w composite?
False
Suppose 4*d - v - 42 = v, v = 5*d - 54. Is d a prime number?
True
Suppose -1 = -2*l + 9. Suppose -l*y = -265 - 1160. Is y*(1 - 4)/(-9) prime?
False
Let q(o) = 2*o - 5. Let s be q(4). Suppose 170 = s*t - t. Is t composite?
True
Let v(c) = -2*c + 16. Is v(7) a prime number?
True
Suppose -5*g + 2*g + 4290 = 0. Is (-3)/9 - g/(-15) a prime number?
False
Suppose 0 = 5*b - 10, 0 = 5*j - 4*j - 3*b + 19. Let r = 21 + j. Suppose 2*u - 12 = r. Is u a composite number?
True
Let i be (-4)/14 + 2/7. Suppose 3*t + 0*t - 159 = i. Is t composite?
False
Let z(q) = -2*q**3 - 15*q**2 - q - 19. Is z(-15) composite?
False
Suppose 0 = -5*f + f - 4*y + 1760, -2*y = -4*f + 1790. Is f a prime number?
False
Let g(s) = 24*s + 1. Let x(h) = h - 5. Let q be x(9). Suppose 2*z = -2*l + 1 - 9, 0 = 5*l - q*z - 25. Is g(l) composite?
True
Suppose -4*v - v + 2*k - 15 = 0, 2*k = -v - 3. Let n = v - -12. Is n prime?
False
Suppose -2 = -2*i - 10. Is (-738)/i - 9/(-18) prime?
False
Let z = -545 - -990. Is z a composite number?
True
Suppose -2*z = -0*z. Suppose z = 5*t + 25, 2*x - t = -26 + 57. Is x prime?
True
Suppose 5*n - 4 = 3*n. Let y(g) = g**3 - 3*g**2 + 3*g**2 - n*g**2 + 3 - g. Is y(4) a composite number?
False
Let q = 11 + -6. Suppose -2*u = -4*u + q*c + 287, 4*u - 585 = -c. Suppose 0 = -5*g + 89 + u. Is g prime?
True
Let k(q) = -q**2 + 7*q - 6. Suppose 2*p - 24 = -4*c + 6, 5*p = 3*c + 10. Let x be k(c). Suppose 0 = 4*f + 5*r - 0*r - 61, f - x*r - 10 = 0. Is f composite?
True
Suppose 0 = 3*y + l - 167, 0*y + 3*l + 104 = 2*y. Is y a prime number?
False
Suppose 0 = 4*p + 2*z - 452, -4*z = -2*p + p + 95. Is p a prime number?
False
Let i be 1712/6 + (-1)/3. Suppose 4*y - i = 5*a, -3*a - 145 = -2*y - 0*y. Is y a composite number?
True
Let w = -29 - -41. Let z = w + -8. Is z prime?
False
Suppose 3*m - 4*x = 5*m - 1646, 0 = 2*x - 2. Is m prime?
True
Suppose -5*z - 4*c + 3611 = 0, z + 0*z - 707 = 3*c. Is z composite?
False
Let y be 17/4 + (-4)/16. Let f = 7 + y. Let l = -1 + f. Is l composite?
True
Let n(g) = -g**3 - 12*g**2 - 21*g + 5. Is n(-17) composite?
True
Let y be (0 + 1)/1 - -1. Suppose v + 19 = y*v - 4*n, -v + 3*n = -16. Is v a prime number?
True
Let n = 6 - -31. Let u = n - 64. Let a = u + 168. Is a a composite number?
True
Let s(x) = x - 2. Let p be s(-2). Let l(u) = u**3 + 3*u**2 - 6*u - 6. Let m be l(p). Is (81/(-12) + m)*-20 composite?
True
Let t(g) be the third derivative of g**5/60 + 11*g**4/24 + 11*g**3/6 - g**2. Let s be t(-9). Let u = s + 20. Is u a prime number?
True
Let f be (3 + 0 + 0)*14. Let q = f + 35. Is q a composite number?
True
Suppose o - 229 = 5*l, -3*l + 0*l + 669 = 3*o. Suppose o + 116 = 4*n. Suppose -42 - n = -b. Is b a composite number?
False
Suppose 43 = -3*w + 319. Suppose 5*d = -3*l + l + 96, w = 2*l + 3*d. Is l a composite number?
False
Let x = -11 - -13. Suppose 71 + 35 = x*s. Is s a composite number?
False
Let r(c) = 2*c**3 + 8*c**2 - 8*c + 8. Let a be r(-8). Let b = 643 + a. Is b composite?
True
Suppose 5*r - 253 - 7 = 0. Suppose 397 = 5*d + r. Is d a composite number?
True
Let f(s) = -3*s**3 - s**2 - 2*s - 1. Let v be f(-2). Let p = v + -9. Is p prime?
False
Let 